atest common divisor of 2135 and 61?
61
What is the highest common divisor of 140 and 640?
20
What is the highest common factor of 872 and 8?
8
Calculate the highest common factor of 1 and 9.
1
Calculate the highest common factor of 261 and 24447.
87
Calculate the highest common factor of 31 and 2201.
31
What is the greatest common divisor of 260 and 40?
20
What is the highest common divisor of 3 and 54?
3
Calculate the greatest common factor of 38 and 703.
19
What is the highest common factor of 14 and 4634?
14
Calculate the highest common divisor of 969 and 437.
19
Calculate the greatest common divisor of 205 and 82.
41
What is the greatest common factor of 322 and 28?
14
Calculate the highest common divisor of 24 and 684.
12
What is the highest common factor of 31 and 279?
31
What is the greatest common divisor of 234 and 9477?
117
Calculate the greatest common factor of 42 and 42.
42
Calculate the greatest common factor of 107 and 46331.
107
What is the highest common divisor of 1813 and 814?
37
What is the greatest common divisor of 8208 and 756?
108
Calculate the highest common divisor of 43 and 1376.
43
Calculate the greatest common factor of 58 and 2146.
58
What is the greatest common factor of 384 and 48?
48
What is the greatest common factor of 578 and 102?
34
Calculate the highest common factor of 34 and 1088.
34
What is the highest common factor of 240 and 15?
15
Calculate the highest common factor of 3976 and 14.
14
Calculate the highest common divisor of 113 and 4633.
113
Calculate the greatest common factor of 264 and 2024.
88
Calculate the highest common divisor of 78 and 6.
6
Calculate the highest common factor of 6 and 6.
6
Calculate the greatest common divisor of 120 and 828.
12
What is the highest common factor of 24 and 984?
24
Calculate the greatest common divisor of 1175 and 50.
25
Calculate the highest common factor of 1360 and 30.
10
What is the greatest common factor of 2777 and 2?
1
Calculate the greatest common factor of 3925 and 25.
25
Calculate the highest common factor of 2236 and 156.
52
What is the highest common factor of 4455 and 275?
55
What is the highest common factor of 14 and 378?
14
Calculate the highest common divisor of 695 and 834.
139
Calculate the greatest common factor of 174 and 1827.
87
What is the greatest common divisor of 546 and 442?
26
Calculate the greatest common factor of 2938 and 678.
226
Calculate the highest common divisor of 77 and 121.
11
Calculate the highest common divisor of 286 and 1846.
26
Calculate the highest common factor of 1225 and 25.
25
What is the highest common factor of 3698 and 86?
86
Calculate the highest common divisor of 35554 and 58.
58
What is the greatest common factor of 127 and 2413?
127
What is the highest common divisor of 444 and 216?
12
Calculate the greatest common factor of 44 and 20.
4
Calculate the greatest common divisor of 40 and 1480.
40
What is the highest common divisor of 112 and 28?
28
Calculate the highest common factor of 12 and 75.
3
Calculate the highest common factor of 616 and 792.
88
Calculate the highest common factor of 322 and 14.
14
What is the highest common factor of 71 and 1775?
71
Calculate the greatest common divisor of 1271 and 31.
31
Calculate the greatest common factor of 4 and 8396.
4
Calculate the greatest common divisor of 1625 and 250.
125
What is the greatest common factor of 6816 and 48?
48
What is the greatest common factor of 3780 and 2380?
140
What is the greatest common divisor of 165 and 132?
33
Calculate the greatest common divisor of 4972 and 264.
44
Calculate the greatest common factor of 210 and 126.
42
Calculate the greatest common divisor of 987 and 63.
21
What is the greatest common divisor of 106 and 13?
1
Calculate the highest common factor of 13 and 21281.
13
What is the highest common divisor of 105 and 1386?
21
What is the highest common divisor of 44 and 11?
11
What is the greatest common divisor of 294 and 798?
42
Calculate the highest common divisor of 4 and 74.
2
What is the greatest common divisor of 82 and 902?
82
What is the greatest common divisor of 5 and 2?
1
Calculate the highest common divisor of 65 and 325.
65
Calculate the highest common factor of 91 and 63.
7
Calculate the greatest common divisor of 32 and 204.
4
What is the greatest common divisor of 539 and 147?
49
What is the greatest common divisor of 3 and 2?
1
Calculate the greatest common factor of 132 and 3300.
132
What is the greatest common divisor of 96 and 108?
12
Calculate the highest common divisor of 1195 and 956.
239
Calculate the highest common factor of 480 and 30.
30
Calculate the highest common factor of 60 and 540.
60
What is the highest common divisor of 207 and 27?
9
Calculate the highest common divisor of 45 and 25.
5
What is the greatest common factor of 280 and 448?
56
What is the greatest common factor of 3 and 69?
3
What is the greatest common factor of 328 and 6150?
82
Calculate the highest common divisor of 21653 and 59.
59
What is the greatest common divisor of 11 and 17149?
11
What is the greatest common factor of 1472 and 23?
23
What is the greatest common divisor of 1652 and 392?
28
What is the highest common divisor of 224 and 1008?
112
What is the highest common factor of 1150 and 782?
46
What is the greatest common divisor of 4 and 32?
4
Calculate the highest common factor of 78 and 481.
13
What is the greatest common factor of 737 and 268?
67
What is the greatest common divisor of 152 and 76?
76
What is the highest common factor of 129 and 9?
3
What is the greatest common divisor of 768 and 588?
12
Calculate the greatest common divisor of 56679 and 42.
21
What is the highest common divisor of 69 and 1150?
23
What is the highest common factor of 108 and 8748?
108
What is the highest common divisor of 87 and 3?
3
What is the highest common factor of 1524 and 12?
12
What is the highest common divisor of 2525 and 25?
25
Calculate the highest common divisor of 833 and 49.
49
Calculate the greatest common divisor of 17059 and 7.
7
What is the greatest common divisor of 176 and 737?
11
Calculate the greatest common divisor of 275 and 110.
55
What is the greatest common divisor of 582 and 17751?
291
Calculate the greatest common factor of 4 and 500.
4
Calculate the greatest common divisor of 1507 and 22.
11
Calculate the greatest common factor of 90 and 280.
10
Calculate the greatest common divisor of 19 and 1501.
19
Calculate the highest common divisor of 34 and 10574.
34
What is the highest common factor of 172 and 8858?
86
Calculate the greatest common factor of 43363 and 103.
103
What is the greatest common factor of 2880 and 50?
10
Calculate the greatest common divisor of 6878 and 266.
38
Calculate the highest common factor of 1222 and 2726.
94
Calculate the highest common factor of 3 and 6051.
3
What is the highest common divisor of 338 and 52?
26
Calculate the highest common divisor of 12 and 3428.
4
Calculate the highest common factor of 782 and 204.
34
Calculate the greatest common factor of 1404 and 52.
52
What is the highest common divisor of 639 and 1136?
71
What is the highest common factor of 55 and 33?
11
Calculate the highest common factor of 415 and 5.
5
Calculate the highest common divisor of 3569 and 166.
83
What is the greatest common factor of 54 and 72?
18
What is the greatest common divisor of 36 and 234?
18
Calculate the greatest common factor of 672 and 16296.
168
What is the highest common factor of 84 and 700?
28
What is the highest common divisor of 36 and 372?
12
What is the greatest common divisor of 294 and 84?
42
Calculate the highest common divisor of 86 and 106.
2
Calculate the greatest common divisor of 9835 and 70.
35
What is the highest common factor of 4048 and 69?
23
What is the greatest common factor of 652 and 12?
4
Calculate the greatest common divisor of 6666 and 44.
22
Calculate the greatest common divisor of 39358 and 66.
22
What is the greatest common factor of 66 and 484?
22
Calculate the highest common divisor of 18957 and 142.
71
Calculate the greatest common factor of 175 and 4375.
175
Calculate the highest common divisor of 4727 and 29.
29
Calculate the greatest common factor of 47 and 141.
47
Calculate the greatest common factor of 16 and 33024.
16
What